82855027 composite?
True
Is 41414011151 composite?
True
Is 502677013 composite?
False
Is 67902397627 a prime number?
False
Is 129201229 prime?
False
Is 494656651 a prime number?
False
Is 557252231 prime?
False
Is 3226979947 prime?
True
Is 47989860826 prime?
False
Is 88962001 a composite number?
True
Is 1965022937 prime?
False
Is 1887867479 composite?
False
Is 944934017 a prime number?
True
Is 297565226147 a composite number?
True
Is 381349029 composite?
True
Is 4278329381 composite?
False
Is 72548835811 composite?
False
Is 2112000497 a prime number?
False
Is 26800908469 a composite number?
False
Is 33004151 a prime number?
True
Is 5113036121 prime?
False
Is 13154411 composite?
True
Is 1153094297 a prime number?
False
Is 838799543 composite?
False
Is 842322093 a prime number?
False
Is 5519403979 prime?
False
Is 29339324771 a composite number?
False
Is 12514770893 prime?
True
Is 639057547 a prime number?
False
Is 545373935 a composite number?
True
Is 22739973071 a composite number?
False
Is 61309635883 a composite number?
True
Is 267960599 a composite number?
False
Is 32300851 prime?
False
Is 1517638597 a composite number?
True
Is 343502605 a prime number?
False
Is 4399532497 a composite number?
False
Is 330711687687 a composite number?
True
Is 4279448393 prime?
False
Is 1740315103 a composite number?
False
Is 113890892081 composite?
False
Is 227897729 a prime number?
True
Is 345371293 prime?
False
Is 68525931121 composite?
True
Is 201351859807 prime?
False
Is 10160053 a prime number?
True
Is 3618244127 a prime number?
True
Is 3755147029 composite?
True
Is 2364607547 a prime number?
True
Is 285850771 prime?
True
Is 1873495691 composite?
True
Is 13159108691 prime?
True
Is 1398959117 a composite number?
False
Is 2128840841 a composite number?
True
Is 1274050229 a prime number?
True
Is 141343511 a composite number?
True
Is 2262887471 a prime number?
False
Is 46223269 prime?
True
Is 28552351 a prime number?
True
Is 3181446101 composite?
True
Is 34253138537 a composite number?
True
Is 24823771003 a composite number?
False
Is 294913547 composite?
True
Is 4992533287 a composite number?
True
Is 37656553903 composite?
True
Is 979419877 a prime number?
True
Is 557418809 prime?
False
Is 10442731731 prime?
False
Is 31360000183 a prime number?
True
Is 3596600365 a composite number?
True
Is 2140022141 prime?
False
Is 14906170439 prime?
True
Is 905726417 a prime number?
False
Is 1738316341 a prime number?
False
Is 2707733023 prime?
False
Is 4932872429 a prime number?
False
Is 2702559331 composite?
True
Is 51258167 a prime number?
False
Is 1464586489 prime?
False
Is 7454037553 composite?
False
Is 93075768629 a prime number?
True
Is 7133906453 composite?
True
Is 214171849 composite?
False
Is 1161400687 prime?
True
Is 47275406309 a prime number?
True
Is 33200904671 a prime number?
False
Is 1021031327 prime?
True
Is 4738998973 a composite number?
True
Is 1903861447 a composite number?
False
Is 52398198479 composite?
True
Is 18532863611 a composite number?
False
Is 5387338217 prime?
True
Is 5246528657 composite?
False
Is 21869595899 prime?
True
Is 16678658663 a prime number?
True
Is 73217639843 prime?
True
Is 11981105497 composite?
False
Is 560015873 composite?
False
Is 94963300499 prime?
True
Is 6565017371 prime?
False
Is 101911423414 composite?
True
Is 773886031 a prime number?
True
Is 64530299011 prime?
False
Is 758965171 prime?
True
Is 4364497067 a composite number?
True
Is 5128889723 composite?
False
Is 17675767927 composite?
True
Is 1774331639 a composite number?
True
Is 71404921099 composite?
False
Is 9125575553 a prime number?
True
Is 41937189545 composite?
True
Is 66049071427 a composite number?
False
Is 1474739983 prime?
True
Is 1426339001 a composite number?
True
Is 2991332951 a prime number?
False
Is 128415806383 composite?
False
Is 23388299251 composite?
False
Is 7573707749 a composite number?
True
Is 23594882957 composite?
False
Is 60803473103 composite?
False
Is 2198097953 composite?
False
Is 51821064077 a prime number?
False
Is 20299984781 prime?
False
Is 184087256599 a prime number?
False
Is 2940731107 composite?
False
Is 164357981 a prime number?
True
Is 235118469329 a composite number?
False
Is 970226303 a prime number?
True
Is 637949201 composite?
True
Is 1235859815 a prime number?
False
Is 137297505869 composite?
True
Is 2147945741 a composite number?
False
Is 792104767 prime?
True
Is 47843791 a composite number?
True
Is 959565601 a composite number?
True
Is 15358978733 composite?
True
Is 259956131 composite?
False
Is 12847765093 a prime number?
True
Is 433980773 composite?
False
Is 3569932559 a prime number?
False
Is 152481890333 prime?
False
Is 3042955997 prime?
False
Is 40107351341 a composite number?
True
Is 42728659697 prime?
True
Is 1032071969 composite?
True
Is 900076859 composite?
True
Is 2583810787 a composite number?
False
Is 17540205247 prime?
True
Is 4401738317 composite?
False
Is 26598670853 a prime number?
True
Is 1037405507 composite?
True
Is 49932613799 a composite number?
True
Is 105655189 a prime number?
True
Is 2691140909 a prime number?
True
Is 25795030297 composite?
True
Is 1923636173 a composite number?
True
Is 366762533 a composite number?
False
Is 22188467309 a composite number?
True
Is 36420541877 a prime number?
False
Is 1772889653 a prime number?
True
Is 21036434063 a prime number?
True
Is 2474029869 a prime number?
False
Is 1140137399 prime?
True
Is 3686852021 a composite number?
False
Is 26246619733 a prime number?
True
Is 19575131547 composite?
True
Is 106355924953 prime?
True
Is 2551291597 prime?
False
Is 94653832341 a composite number?
True
Is 392874479 a prime number?
True
Is 31385153 a composite number?
False
Is 11133484669 composite?
True
Is 2727251311 a prime number?
False
Is 2337464741 a prime number?
False
Is 4026607859 a composite number?
False
Is 532434949 composite?
False
Is 22977185467 prime?
True
Is 3360787877 a composite number?
True
Is 5480510579 a composite number?
False
Is 6436677383 composite?
True
Is 209401375699 a composite number?
False
Is 34623808981 a prime number?
True
Is 406870333 prime?
False
Is 3966041381 prime?
True
Is 23849839753 composite?
True
Is 21598559 a prime number?
True
Is 739040287 a composite number?
False
Is 3263793493 a composite number?
True
Is 2122703519 a prime number?
True
Is 1276366619 prime?
False
Is 1871423809 prime?
True
Is 485609297 prime?
True
Is 206957039 composite?
False
Is 343970007 prime?
False
Is 1538657671 a prime number?
False
Is 6120708058 composite?
True
Is 18082992529 composite?
True
Is 20212448749 prime?
False
Is 14983068857 composite?
True
Is 1156220763 prime?
False
Is 21805020389 a prime number?
True
Is 3667341947 composite?
False
Is 26744251511 prime?
False
Is 38807134123 composite?
True
Is 64753732669 prime?
True
Is 834053351 a prime number?
True
Is 5246016119 a prime number?
True
Is 1104982607 composite?
False
Is 3202548227 composite?
False
Is 3389784703 a prime number?
True
Is 8020485007 a prime number?
True
Is 2775319891 prime?
True
Is 116972158645 a prime number?
False
Is 37724254207 a prime number?
False
Is 1263017479 prime?
True
Is 26812580593 a prime number?
True
Is 60082667653 prime?
False
Is 121557966359 a prime number?
False
Is 285796369 a prime number?
False
Is 220215493 prime?
False
Is 1269560059 prime?
False
Is 25481675365 prime?
False
Is 9876953237 a composite number?
False
Is 1931881097 a prime number?
False
Is 2453203139 prime?
False
Is 867564889 a composite number?
True
Is 110453514427 composite?
False
Is 8724659401 a composite number?
True
Is 39379809251 a composite number?
False
Is 1337682239 a prime number?
True
Is 57814330381 prime?
True
Is 2424963329 a composite number?
False
Is 45102389 a composite number?
True
Is 1486812479 composite?
True
Is 924021919 composite?
False
Is 24062655571 a composite number?
True
Is 10568607769 a prime number?
True
Is 451051699 a composite number?
True
Is 628482389 a prime number?
True
Is 1528766741 prime?
True
Is 8337421 prime?
True
Is 9736519121 a composite number?
True
Is 1453361537 a prime number?
False
Is 630720791 composite?
True
Is 378517611389 composite?
False
Is 16452354209 a prime number?
False
Is 3147055259 a prime number?
True
Is 3830685799 a composite number?
True
Is 36405416885 c